{"id":219,"date":"2025-05-30T10:59:28","date_gmt":"2025-05-30T13:59:28","guid":{"rendered":"https:\/\/www.pontti.com.br\/layouts\/layout6\/about\/"},"modified":"2025-05-30T10:59:31","modified_gmt":"2025-05-30T13:59:31","slug":"about","status":"publish","type":"page","link":"https:\/\/www.pontti.com.br\/layouts\/layout6\/about\/","title":{"rendered":"About"},"content":{"rendered":"\t\t<div data-elementor-type=\"wp-page\" data-elementor-id=\"219\" class=\"elementor elementor-219\">\n\t\t\t\t<div class=\"elementor-element elementor-element-1df0150 e-flex e-con-boxed e-con e-parent\" data-id=\"1df0150\" data-element_type=\"container\" data-settings=\"{&quot;background_background&quot;:&quot;classic&quot;}\">\n\t\t\t\t\t<div class=\"e-con-inner\">\n\t\t\t\t<div class=\"elementor-element elementor-element-cb830c9 elementor-widget elementor-widget-image-box\" data-id=\"cb830c9\" data-element_type=\"widget\" data-widget_type=\"image-box.default\">\n\t\t\t\t<div class=\"elementor-widget-container\">\n\t\t\t\t\t<div class=\"elementor-image-box-wrapper\"><div class=\"elementor-image-box-content\"><h1 class=\"elementor-image-box-title\">Quem Somos<\/h1><p class=\"elementor-image-box-description\">Expertos em climatiza\u00e7\u00e3o para ambientes residenciais, comerciais e industriais, comprometidos com qualidade e excel\u00eancia.<\/p><\/div><\/div>\t\t\t\t<\/div>\n\t\t\t\t<\/div>\n\t\t\t\t\t<\/div>\n\t\t\t\t<\/div>\n\t\t<div class=\"elementor-element elementor-element-13aa05d e-flex e-con-boxed e-con e-parent\" data-id=\"13aa05d\" data-element_type=\"container\" data-settings=\"{&quot;background_background&quot;:&quot;classic&quot;}\">\n\t\t\t\t\t<div class=\"e-con-inner\">\n\t\t<div class=\"elementor-element elementor-element-f488f3e e-con-full e-flex e-con e-child\" data-id=\"f488f3e\" data-element_type=\"container\">\n\t\t\t\t<div class=\"elementor-element elementor-element-f2725c2 elementor-widget elementor-widget-image-box\" data-id=\"f2725c2\" data-element_type=\"widget\" data-widget_type=\"image-box.default\">\n\t\t\t\t<div class=\"elementor-widget-container\">\n\t\t\t\t\t<div class=\"elementor-image-box-wrapper\"><div class=\"elementor-image-box-content\"><h2 class=\"elementor-image-box-title\">Sobre a PW Ar Condicionados<\/h2><p class=\"elementor-image-box-description\">A PW Ar Condicionados \u00e9 uma refer\u00eancia em instala\u00e7\u00e3o e manuten\u00e7\u00e3o de sistemas de climatiza\u00e7\u00e3o, atendendo resid\u00eancias e empresas com excel\u00eancia.<\/p><\/div><\/div>\t\t\t\t<\/div>\n\t\t\t\t<\/div>\n\t\t<div class=\"elementor-element elementor-element-cee8c3e e-con-full e-flex e-con e-child\" data-id=\"cee8c3e\" data-element_type=\"container\">\n\t\t\t\t<div class=\"elementor-element elementor-element-f6a5b86 elementor-widget elementor-widget-image-box\" data-id=\"f6a5b86\" data-element_type=\"widget\" data-widget_type=\"image-box.default\">\n\t\t\t\t<div class=\"elementor-widget-container\">\n\t\t\t\t\t<div class=\"elementor-image-box-wrapper\"><div class=\"elementor-image-box-content\"><div class=\"elementor-image-box-title\">Qualidade Garantida<\/div><p class=\"elementor-image-box-description\">Trabalhamos com equipamentos e profissionais qualificados, sempre em conformidade com as normas regulamentadoras.<\/p><\/div><\/div>\t\t\t\t<\/div>\n\t\t\t\t<\/div>\n\t\t\t\t<div class=\"elementor-element elementor-element-30942ba elementor-widget elementor-widget-image-box\" data-id=\"30942ba\" data-element_type=\"widget\" data-widget_type=\"image-box.default\">\n\t\t\t\t<div class=\"elementor-widget-container\">\n\t\t\t\t\t<div class=\"elementor-image-box-wrapper\"><div class=\"elementor-image-box-content\"><div class=\"elementor-image-box-title\">Atendimento Personalizado<\/div><p class=\"elementor-image-box-description\">Analisamos suas necessidades espec\u00edficas para oferecer solu\u00e7\u00f5es de climatiza\u00e7\u00e3o sob medida para voc\u00ea.<\/p><\/div><\/div>\t\t\t\t<\/div>\n\t\t\t\t<\/div>\n\t\t\t\t<\/div>\n\t\t\t\t<\/div>\n\t\t\t\t<div class=\"elementor-element elementor-element-c88d0c3 elementor-widget-tablet__width-initial elementor-widget elementor-widget-image\" data-id=\"c88d0c3\" data-element_type=\"widget\" data-widget_type=\"image.default\">\n\t\t\t\t<div class=\"elementor-widget-container\">\n\t\t\t\t\t\t\t\t\t\t\t\t\t\t\t<img fetchpriority=\"high\" decoding=\"async\" width=\"1536\" height=\"864\" src=\"https:\/\/www.pontti.com.br\/layouts\/layout6\/wp-content\/uploads\/2025\/05\/Design-sem-nome-45-1536x864-1-1.webp\" class=\"attachment-full size-full wp-image-428\" alt=\"\" srcset=\"https:\/\/www.pontti.com.br\/layouts\/layout6\/wp-content\/uploads\/2025\/05\/Design-sem-nome-45-1536x864-1-1.webp 1536w, https:\/\/www.pontti.com.br\/layouts\/layout6\/wp-content\/uploads\/2025\/05\/Design-sem-nome-45-1536x864-1-1-300x169.webp 300w, https:\/\/www.pontti.com.br\/layouts\/layout6\/wp-content\/uploads\/2025\/05\/Design-sem-nome-45-1536x864-1-1-1024x576.webp 1024w, https:\/\/www.pontti.com.br\/layouts\/layout6\/wp-content\/uploads\/2025\/05\/Design-sem-nome-45-1536x864-1-1-768x432.webp 768w\" sizes=\"(max-width: 1536px) 100vw, 1536px\" \/>\t\t\t\t\t\t\t\t\t\t\t\t\t\t\t<\/div>\n\t\t\t\t<\/div>\n\t\t\t\t\t<\/div>\n\t\t\t\t<\/div>\n\t\t<div class=\"elementor-element elementor-element-5933ca3 e-flex e-con-boxed e-con e-parent\" data-id=\"5933ca3\" data-element_type=\"container\" data-settings=\"{&quot;background_background&quot;:&quot;classic&quot;}\">\n\t\t\t\t\t<div class=\"e-con-inner\">\n\t\t<div class=\"elementor-element elementor-element-9791c22 e-con-full e-flex e-con e-child\" data-id=\"9791c22\" data-element_type=\"container\" data-settings=\"{&quot;background_background&quot;:&quot;classic&quot;}\">\n\t\t\t\t<\/div>\n\t\t<div class=\"elementor-element elementor-element-16ea761 e-con-full e-flex e-con e-child\" data-id=\"16ea761\" data-element_type=\"container\">\n\t\t<div class=\"elementor-element elementor-element-3b80b52 e-con-full e-flex e-con e-child\" data-id=\"3b80b52\" data-element_type=\"container\">\n\t\t\t\t<div class=\"elementor-element elementor-element-1d135f9 elementor-widget elementor-widget-image-box\" data-id=\"1d135f9\" data-element_type=\"widget\" data-widget_type=\"image-box.default\">\n\t\t\t\t<div class=\"elementor-widget-container\">\n\t\t\t\t\t<div class=\"elementor-image-box-wrapper\"><div class=\"elementor-image-box-content\"><h3 class=\"elementor-image-box-title\">Nossa Vis\u00e3o<\/h3><p class=\"elementor-image-box-description\">Ser refer\u00eancia em solu\u00e7\u00f5es de climatiza\u00e7\u00e3o, proporcionando conforto e qualidade de vida aos nossos clientes.<\/p><\/div><\/div>\t\t\t\t<\/div>\n\t\t\t\t<\/div>\n\t\t\t\t<\/div>\n\t\t<div class=\"elementor-element elementor-element-8e789dd e-con-full e-flex e-con e-child\" data-id=\"8e789dd\" data-element_type=\"container\">\n\t\t\t\t<div class=\"elementor-element elementor-element-00ea3b4 elementor-widget elementor-widget-image-box\" data-id=\"00ea3b4\" data-element_type=\"widget\" data-widget_type=\"image-box.default\">\n\t\t\t\t<div class=\"elementor-widget-container\">\n\t\t\t\t\t<div class=\"elementor-image-box-wrapper\"><div class=\"elementor-image-box-content\"><h3 class=\"elementor-image-box-title\">Nossa Miss\u00e3o<\/h3><p class=\"elementor-image-box-description\">Oferecer servi\u00e7os de instala\u00e7\u00e3o e manuten\u00e7\u00e3o de ar-condicionado com excel\u00eancia, priorizando a satisfa\u00e7\u00e3o e seguran\u00e7a dos nossos clientes.<\/p><\/div><\/div>\t\t\t\t<\/div>\n\t\t\t\t<\/div>\n\t\t\t\t<\/div>\n\t\t\t\t<\/div>\n\t\t\t\t\t<\/div>\n\t\t\t\t<\/div>\n\t\t<div class=\"elementor-element elementor-element-655763d e-flex e-con-boxed e-con e-parent\" data-id=\"655763d\" data-element_type=\"container\" data-settings=\"{&quot;background_background&quot;:&quot;classic&quot;}\">\n\t\t\t\t\t<div class=\"e-con-inner\">\n\t\t\t\t<div class=\"elementor-element elementor-element-2b9b2ad elementor-widget elementor-widget-image-box\" data-id=\"2b9b2ad\" data-element_type=\"widget\" data-widget_type=\"image-box.default\">\n\t\t\t\t<div class=\"elementor-widget-container\">\n\t\t\t\t\t<div class=\"elementor-image-box-wrapper\"><div class=\"elementor-image-box-content\"><h2 class=\"elementor-image-box-title\">Contribua Para o Bem<\/h2><p class=\"elementor-image-box-description\">Ajude-nos a fazer a diferen\u00e7a na vida de quem precisa. Sua contribui\u00e7\u00e3o \u00e9 essencial!<\/p><\/div><\/div>\t\t\t\t<\/div>\n\t\t\t\t<\/div>\n\t\t\t\t<div class=\"elementor-element elementor-element-fd41e76 elementor-align-center elementor-widget elementor-widget-button\" data-id=\"fd41e76\" data-element_type=\"widget\" data-widget_type=\"button.default\">\n\t\t\t\t<div class=\"elementor-widget-container\">\n\t\t\t\t\t\t\t\t\t<div class=\"elementor-button-wrapper\">\n\t\t\t\t\t<a class=\"elementor-button elementor-button-link elementor-size-sm\" href=\"#\">\n\t\t\t\t\t\t<span class=\"elementor-button-content-wrapper\">\n\t\t\t\t\t\t\t\t\t<span class=\"elementor-button-text\">Solicite um Or\u00e7amento<\/span>\n\t\t\t\t\t<\/span>\n\t\t\t\t\t<\/a>\n\t\t\t\t<\/div>\n\t\t\t\t\t\t\t\t<\/div>\n\t\t\t\t<\/div>\n\t\t\t\t\t<\/div>\n\t\t\t\t<\/div>\n\t\t\t\t<\/div>\n\t\t","protected":false},"excerpt":{"rendered":"","protected":false},"author":1,"featured_media":0,"parent":0,"menu_order":0,"comment_status":"closed","ping_status":"closed","template":"","meta":{"_surecart_dashboard_logo_width":"180px","_surecart_dashboard_show_logo":true,"_surecart_dashboard_navigation_orders":true,"_surecart_dashboard_navigation_invoices":true,"_surecart_dashboard_navigation_subscriptions":true,"_surecart_dashboard_navigation_downloads":true,"_surecart_dashboard_navigation_billing":true,"_surecart_dashboard_navigation_account":true,"site-sidebar-layout":"no-sidebar","site-content-layout":"","ast-site-content-layout":"full-width-container","site-content-style":"unboxed","site-sidebar-style":"unboxed","ast-global-header-display":"","ast-banner-title-visibility":"","ast-main-header-display":"","ast-hfb-above-header-display":"","ast-hfb-below-header-display":"","ast-hfb-mobile-header-display":"","site-post-title":"disabled","ast-breadcrumbs-content":"","ast-featured-img":"disabled","footer-sml-layout":"","theme-transparent-header-meta":"enabled","adv-header-id-meta":"","stick-header-meta":"","header-above-stick-meta":"","header-main-stick-meta":"","header-below-stick-meta":"","astra-migrate-meta-layouts":"default","ast-page-background-enabled":"default","ast-page-background-meta":{"desktop":{"background-color":"var(--ast-global-color-5)","background-image":"","background-repeat":"repeat","background-position":"center center","background-size":"auto","background-attachment":"scroll","background-type":"","background-media":"","overlay-type":"","overlay-color":"","overlay-opacity":"","overlay-gradient":""},"tablet":{"background-color":"","background-image":"","background-repeat":"repeat","background-position":"center center","background-size":"auto","background-attachment":"scroll","background-type":"","background-media":"","overlay-type":"","overlay-color":"","overlay-opacity":"","overlay-gradient":""},"mobile":{"background-color":"","background-image":"","background-repeat":"repeat","background-position":"center center","background-size":"auto","background-attachment":"scroll","background-type":"","background-media":"","overlay-type":"","overlay-color":"","overlay-opacity":"","overlay-gradient":""}},"ast-content-background-meta":{"desktop":{"background-color":"var(--ast-global-color-4)","background-image":"","background-repeat":"repeat","background-position":"center center","background-size":"auto","background-attachment":"scroll","background-type":"","background-media":"","overlay-type":"","overlay-color":"","overlay-opacity":"","overlay-gradient":""},"tablet":{"background-color":"var(--ast-global-color-4)","background-image":"","background-repeat":"repeat","background-position":"center center","background-size":"auto","background-attachment":"scroll","background-type":"","background-media":"","overlay-type":"","overlay-color":"","overlay-opacity":"","overlay-gradient":""},"mobile":{"background-color":"var(--ast-global-color-4)","background-image":"","background-repeat":"repeat","background-position":"center center","background-size":"auto","background-attachment":"scroll","background-type":"","background-media":"","overlay-type":"","overlay-color":"","overlay-opacity":"","overlay-gradient":""}},"footnotes":""},"class_list":["post-219","page","type-page","status-publish","hentry"],"_links":{"self":[{"href":"https:\/\/www.pontti.com.br\/layouts\/layout6\/wp-json\/wp\/v2\/pages\/219","targetHints":{"allow":["GET"]}}],"collection":[{"href":"https:\/\/www.pontti.com.br\/layouts\/layout6\/wp-json\/wp\/v2\/pages"}],"about":[{"href":"https:\/\/www.pontti.com.br\/layouts\/layout6\/wp-json\/wp\/v2\/types\/page"}],"author":[{"embeddable":true,"href":"https:\/\/www.pontti.com.br\/layouts\/layout6\/wp-json\/wp\/v2\/users\/1"}],"replies":[{"embeddable":true,"href":"https:\/\/www.pontti.com.br\/layouts\/layout6\/wp-json\/wp\/v2\/comments?post=219"}],"version-history":[{"count":1,"href":"https:\/\/www.pontti.com.br\/layouts\/layout6\/wp-json\/wp\/v2\/pages\/219\/revisions"}],"predecessor-version":[{"id":423,"href":"https:\/\/www.pontti.com.br\/layouts\/layout6\/wp-json\/wp\/v2\/pages\/219\/revisions\/423"}],"wp:attachment":[{"href":"https:\/\/www.pontti.com.br\/layouts\/layout6\/wp-json\/wp\/v2\/media?parent=219"}],"curies":[{"name":"wp","href":"https:\/\/api.w.org\/{rel}","templated":true}]}}