{"id":298,"date":"2025-05-30T10:59:28","date_gmt":"2025-05-30T13:59:28","guid":{"rendered":"https:\/\/www.pontti.com.br\/layouts\/layout6\/offering\/"},"modified":"2025-05-30T10:59:31","modified_gmt":"2025-05-30T13:59:31","slug":"offering","status":"publish","type":"page","link":"https:\/\/www.pontti.com.br\/layouts\/layout6\/offering\/","title":{"rendered":"Offering"},"content":{"rendered":"\t\t<div data-elementor-type=\"wp-page\" data-elementor-id=\"298\" class=\"elementor elementor-298\">\n\t\t\t\t<div class=\"elementor-element elementor-element-d183e97 e-flex e-con-boxed e-con e-parent\" data-id=\"d183e97\" data-element_type=\"container\" data-settings=\"{&quot;background_background&quot;:&quot;classic&quot;}\">\n\t\t\t\t\t<div class=\"e-con-inner\">\n\t\t\t\t<div class=\"elementor-element elementor-element-dbaa1a1 elementor-widget elementor-widget-image-box\" data-id=\"dbaa1a1\" data-element_type=\"widget\" data-widget_type=\"image-box.default\">\n\t\t\t\t<div class=\"elementor-widget-container\">\n\t\t\t\t\t<div class=\"elementor-image-box-wrapper\"><div class=\"elementor-image-box-content\"><h1 class=\"elementor-image-box-title\">Nossos Servi\u00e7os<\/h1><p class=\"elementor-image-box-description\">Oferecemos instala\u00e7\u00e3o, manuten\u00e7\u00e3o e reparos em sistemas de climatiza\u00e7\u00e3o para ambientes residenciais e comerciais.<\/p><\/div><\/div>\t\t\t\t<\/div>\n\t\t\t\t<\/div>\n\t\t\t\t\t<\/div>\n\t\t\t\t<\/div>\n\t\t<div class=\"elementor-element elementor-element-194e9ec e-flex e-con-boxed e-con e-parent\" data-id=\"194e9ec\" data-element_type=\"container\" data-settings=\"{&quot;background_background&quot;:&quot;classic&quot;}\">\n\t\t\t\t\t<div class=\"e-con-inner\">\n\t\t<div class=\"elementor-element elementor-element-4bcf17c e-con-full e-flex e-con e-child\" data-id=\"4bcf17c\" data-element_type=\"container\">\n\t\t\t\t<div class=\"elementor-element elementor-element-5a1bcd5 elementor-widget elementor-widget-image-box\" data-id=\"5a1bcd5\" data-element_type=\"widget\" data-widget_type=\"image-box.default\">\n\t\t\t\t<div class=\"elementor-widget-container\">\n\t\t\t\t\t<div class=\"elementor-image-box-wrapper\"><div class=\"elementor-image-box-content\"><h2 class=\"elementor-image-box-title\">Iniciativas de Impacto<\/h2><p class=\"elementor-image-box-description\">Descubra como contribu\u00edmos para a comunidade e apoiamos aqueles em situa\u00e7\u00e3o de necessidade.<\/p><\/div><\/div>\t\t\t\t<\/div>\n\t\t\t\t<\/div>\n\t\t\t\t<\/div>\n\t\t<div class=\"elementor-element elementor-element-be1cd64 e-con-full e-flex e-con e-child\" data-id=\"be1cd64\" data-element_type=\"container\">\n\t\t<div class=\"elementor-element elementor-element-2e3f095 e-con-full e-flex e-con e-child\" data-id=\"2e3f095\" data-element_type=\"container\" data-settings=\"{&quot;background_background&quot;:&quot;classic&quot;}\">\n\t\t\t\t<div class=\"elementor-element elementor-element-b2ce4b8 elementor-widget elementor-widget-image-box\" data-id=\"b2ce4b8\" data-element_type=\"widget\" data-widget_type=\"image-box.default\">\n\t\t\t\t<div class=\"elementor-widget-container\">\n\t\t\t\t\t<div class=\"elementor-image-box-wrapper\"><div class=\"elementor-image-box-content\"><h3 class=\"elementor-image-box-title\">Conforto Acess\u00edvel<\/h3><p class=\"elementor-image-box-description\">Programas que visam fornecer climatiza\u00e7\u00e3o gratuita a institui\u00e7\u00f5es que atendem fam\u00edlias carentes e indiv\u00edduos em dificuldades.<\/p><\/div><\/div>\t\t\t\t<\/div>\n\t\t\t\t<\/div>\n\t\t\t\t<div class=\"elementor-element elementor-element-234c9e6 elementor-widget elementor-widget-image\" data-id=\"234c9e6\" data-element_type=\"widget\" data-widget_type=\"image.default\">\n\t\t\t\t<div class=\"elementor-widget-container\">\n\t\t\t\t\t\t\t\t\t\t\t\t\t\t\t<img fetchpriority=\"high\" decoding=\"async\" width=\"1536\" height=\"864\" src=\"https:\/\/www.pontti.com.br\/layouts\/layout6\/wp-content\/uploads\/2025\/05\/Design-sem-nome-45-1536x864-1-1.webp\" class=\"attachment-full size-full wp-image-428\" alt=\"\" srcset=\"https:\/\/www.pontti.com.br\/layouts\/layout6\/wp-content\/uploads\/2025\/05\/Design-sem-nome-45-1536x864-1-1.webp 1536w, https:\/\/www.pontti.com.br\/layouts\/layout6\/wp-content\/uploads\/2025\/05\/Design-sem-nome-45-1536x864-1-1-300x169.webp 300w, https:\/\/www.pontti.com.br\/layouts\/layout6\/wp-content\/uploads\/2025\/05\/Design-sem-nome-45-1536x864-1-1-1024x576.webp 1024w, https:\/\/www.pontti.com.br\/layouts\/layout6\/wp-content\/uploads\/2025\/05\/Design-sem-nome-45-1536x864-1-1-768x432.webp 768w\" sizes=\"(max-width: 1536px) 100vw, 1536px\" \/>\t\t\t\t\t\t\t\t\t\t\t\t\t\t\t<\/div>\n\t\t\t\t<\/div>\n\t\t\t\t<\/div>\n\t\t<div class=\"elementor-element elementor-element-7e8f631 e-con-full e-flex e-con e-child\" data-id=\"7e8f631\" data-element_type=\"container\" data-settings=\"{&quot;background_background&quot;:&quot;classic&quot;}\">\n\t\t\t\t<div class=\"elementor-element elementor-element-76e4330 elementor-widget elementor-widget-image-box\" data-id=\"76e4330\" data-element_type=\"widget\" data-widget_type=\"image-box.default\">\n\t\t\t\t<div class=\"elementor-widget-container\">\n\t\t\t\t\t<div class=\"elementor-image-box-wrapper\"><div class=\"elementor-image-box-content\"><h3 class=\"elementor-image-box-title\">Treinamento Gratuito<\/h3><p class=\"elementor-image-box-description\">Cursos de forma\u00e7\u00e3o em manuten\u00e7\u00e3o de ar condicionado para jovens em situa\u00e7\u00e3o de vulnerabilidade social.<\/p><\/div><\/div>\t\t\t\t<\/div>\n\t\t\t\t<\/div>\n\t\t\t\t<div class=\"elementor-element elementor-element-8f2fd90 elementor-widget elementor-widget-image\" data-id=\"8f2fd90\" data-element_type=\"widget\" data-widget_type=\"image.default\">\n\t\t\t\t<div class=\"elementor-widget-container\">\n\t\t\t\t\t\t\t\t\t\t\t\t\t\t\t<img decoding=\"async\" width=\"1500\" height=\"1001\" src=\"https:\/\/www.pontti.com.br\/layouts\/layout6\/wp-content\/uploads\/2025\/05\/LIMPEZA-DE-AR-CONDICIONADO-1.webp\" class=\"attachment-full size-full wp-image-429\" alt=\"\" srcset=\"https:\/\/www.pontti.com.br\/layouts\/layout6\/wp-content\/uploads\/2025\/05\/LIMPEZA-DE-AR-CONDICIONADO-1.webp 1500w, https:\/\/www.pontti.com.br\/layouts\/layout6\/wp-content\/uploads\/2025\/05\/LIMPEZA-DE-AR-CONDICIONADO-1-300x200.webp 300w, https:\/\/www.pontti.com.br\/layouts\/layout6\/wp-content\/uploads\/2025\/05\/LIMPEZA-DE-AR-CONDICIONADO-1-1024x683.webp 1024w, https:\/\/www.pontti.com.br\/layouts\/layout6\/wp-content\/uploads\/2025\/05\/LIMPEZA-DE-AR-CONDICIONADO-1-768x513.webp 768w\" sizes=\"(max-width: 1500px) 100vw, 1500px\" \/>\t\t\t\t\t\t\t\t\t\t\t\t\t\t\t<\/div>\n\t\t\t\t<\/div>\n\t\t\t\t<\/div>\n\t\t<div class=\"elementor-element elementor-element-fd724cf e-con-full e-flex e-con e-child\" data-id=\"fd724cf\" data-element_type=\"container\" data-settings=\"{&quot;background_background&quot;:&quot;classic&quot;}\">\n\t\t\t\t<div class=\"elementor-element elementor-element-feb7601 elementor-widget elementor-widget-image-box\" data-id=\"feb7601\" data-element_type=\"widget\" data-widget_type=\"image-box.default\">\n\t\t\t\t<div class=\"elementor-widget-container\">\n\t\t\t\t\t<div class=\"elementor-image-box-wrapper\"><div class=\"elementor-image-box-content\"><h3 class=\"elementor-image-box-title\">Doa\u00e7\u00f5es de Equipamentos<\/h3><p class=\"elementor-image-box-description\">Doa\u00e7\u00e3o de ar condicionados usados em bom estado para entidades que acolhem pessoas em necessidade.<\/p><\/div><\/div>\t\t\t\t<\/div>\n\t\t\t\t<\/div>\n\t\t\t\t<div class=\"elementor-element elementor-element-5e23ceb elementor-widget elementor-widget-image\" data-id=\"5e23ceb\" data-element_type=\"widget\" data-widget_type=\"image.default\">\n\t\t\t\t<div class=\"elementor-widget-container\">\n\t\t\t\t\t\t\t\t\t\t\t\t\t\t\t<img decoding=\"async\" width=\"1024\" height=\"576\" src=\"https:\/\/www.pontti.com.br\/layouts\/layout6\/wp-content\/uploads\/2025\/05\/manutencao-ar-split-1024x576-1-1.jpg\" class=\"attachment-full size-full wp-image-430\" alt=\"\" srcset=\"https:\/\/www.pontti.com.br\/layouts\/layout6\/wp-content\/uploads\/2025\/05\/manutencao-ar-split-1024x576-1-1.jpg 1024w, https:\/\/www.pontti.com.br\/layouts\/layout6\/wp-content\/uploads\/2025\/05\/manutencao-ar-split-1024x576-1-1-300x169.jpg 300w, https:\/\/www.pontti.com.br\/layouts\/layout6\/wp-content\/uploads\/2025\/05\/manutencao-ar-split-1024x576-1-1-768x432.jpg 768w\" sizes=\"(max-width: 1024px) 100vw, 1024px\" \/>\t\t\t\t\t\t\t\t\t\t\t\t\t\t\t<\/div>\n\t\t\t\t<\/div>\n\t\t\t\t<\/div>\n\t\t<div class=\"elementor-element elementor-element-ffcaf94 e-con-full e-flex e-con e-child\" data-id=\"ffcaf94\" data-element_type=\"container\" data-settings=\"{&quot;background_background&quot;:&quot;classic&quot;}\">\n\t\t\t\t<div class=\"elementor-element elementor-element-7d7ac10 elementor-widget elementor-widget-image-box\" data-id=\"7d7ac10\" data-element_type=\"widget\" data-widget_type=\"image-box.default\">\n\t\t\t\t<div class=\"elementor-widget-container\">\n\t\t\t\t\t<div class=\"elementor-image-box-wrapper\"><div class=\"elementor-image-box-content\"><h3 class=\"elementor-image-box-title\">Instala\u00e7\u00e3o<\/h3><p class=\"elementor-image-box-description\">Profissionais qualificados garantem a instala\u00e7\u00e3o correta de sistemas de ar-condicionado, assegurando efici\u00eancia energ\u00e9tica e conformidade normativa.<\/p><\/div><\/div>\t\t\t\t<\/div>\n\t\t\t\t<\/div>\n\t\t\t\t<div class=\"elementor-element elementor-element-96967e2 elementor-widget elementor-widget-image\" data-id=\"96967e2\" data-element_type=\"widget\" data-widget_type=\"image.default\">\n\t\t\t\t<div class=\"elementor-widget-container\">\n\t\t\t\t\t\t\t\t\t\t\t\t\t\t\t<img loading=\"lazy\" decoding=\"async\" width=\"500\" height=\"300\" src=\"https:\/\/www.pontti.com.br\/layouts\/layout6\/wp-content\/uploads\/2025\/05\/manutencao-de-ar-condicionado-1.jpg\" class=\"attachment-full size-full wp-image-431\" alt=\"\" srcset=\"https:\/\/www.pontti.com.br\/layouts\/layout6\/wp-content\/uploads\/2025\/05\/manutencao-de-ar-condicionado-1.jpg 500w, https:\/\/www.pontti.com.br\/layouts\/layout6\/wp-content\/uploads\/2025\/05\/manutencao-de-ar-condicionado-1-300x180.jpg 300w\" sizes=\"(max-width: 500px) 100vw, 500px\" \/>\t\t\t\t\t\t\t\t\t\t\t\t\t\t\t<\/div>\n\t\t\t\t<\/div>\n\t\t\t\t<\/div>\n\t\t<div class=\"elementor-element elementor-element-c2b45e0 e-con-full e-flex e-con e-child\" data-id=\"c2b45e0\" data-element_type=\"container\" data-settings=\"{&quot;background_background&quot;:&quot;classic&quot;}\">\n\t\t\t\t<div class=\"elementor-element elementor-element-8088942 elementor-widget elementor-widget-image-box\" data-id=\"8088942\" data-element_type=\"widget\" data-widget_type=\"image-box.default\">\n\t\t\t\t<div class=\"elementor-widget-container\">\n\t\t\t\t\t<div class=\"elementor-image-box-wrapper\"><div class=\"elementor-image-box-content\"><h3 class=\"elementor-image-box-title\">Manuten\u00e7\u00e3o Preventiva<\/h3><p class=\"elementor-image-box-description\">Programas de manuten\u00e7\u00e3o peri\u00f3dica que aumentam a vida \u00fatil dos aparelhos e garantem o desempenho ideal de climatiza\u00e7\u00e3o em seu ambiente.<\/p><\/div><\/div>\t\t\t\t<\/div>\n\t\t\t\t<\/div>\n\t\t\t\t<div class=\"elementor-element elementor-element-d90cfd3 elementor-widget elementor-widget-image\" data-id=\"d90cfd3\" data-element_type=\"widget\" data-widget_type=\"image.default\">\n\t\t\t\t<div class=\"elementor-widget-container\">\n\t\t\t\t\t\t\t\t\t\t\t\t\t\t\t<img loading=\"lazy\" decoding=\"async\" width=\"400\" height=\"267\" src=\"https:\/\/www.pontti.com.br\/layouts\/layout6\/wp-content\/uploads\/2025\/05\/manutencao-de-ar-condicionado-03-1.jpg\" class=\"attachment-full size-full wp-image-432\" alt=\"\" srcset=\"https:\/\/www.pontti.com.br\/layouts\/layout6\/wp-content\/uploads\/2025\/05\/manutencao-de-ar-condicionado-03-1.jpg 400w, https:\/\/www.pontti.com.br\/layouts\/layout6\/wp-content\/uploads\/2025\/05\/manutencao-de-ar-condicionado-03-1-300x200.jpg 300w\" sizes=\"(max-width: 400px) 100vw, 400px\" \/>\t\t\t\t\t\t\t\t\t\t\t\t\t\t\t<\/div>\n\t\t\t\t<\/div>\n\t\t\t\t<\/div>\n\t\t<div class=\"elementor-element elementor-element-1ccf14f e-con-full e-flex e-con e-child\" data-id=\"1ccf14f\" data-element_type=\"container\" data-settings=\"{&quot;background_background&quot;:&quot;classic&quot;}\">\n\t\t\t\t<div class=\"elementor-element elementor-element-6c24299 elementor-widget elementor-widget-image-box\" data-id=\"6c24299\" data-element_type=\"widget\" data-widget_type=\"image-box.default\">\n\t\t\t\t<div class=\"elementor-widget-container\">\n\t\t\t\t\t<div class=\"elementor-image-box-wrapper\"><div class=\"elementor-image-box-content\"><h3 class=\"elementor-image-box-title\">Reparos T\u00e9cnicos<\/h3><p class=\"elementor-image-box-description\">Servi\u00e7os de reparo el\u00e9trico e mec\u00e2nico realizados por nossa equipe especializada, para resolver qualquer problema em sistemas de climatiza\u00e7\u00e3o.<\/p><\/div><\/div>\t\t\t\t<\/div>\n\t\t\t\t<\/div>\n\t\t\t\t<div class=\"elementor-element elementor-element-c301776 elementor-widget elementor-widget-image\" data-id=\"c301776\" data-element_type=\"widget\" data-widget_type=\"image.default\">\n\t\t\t\t<div class=\"elementor-widget-container\">\n\t\t\t\t\t\t\t\t\t\t\t\t\t\t\t<img loading=\"lazy\" decoding=\"async\" width=\"1024\" height=\"614\" src=\"https:\/\/www.pontti.com.br\/layouts\/layout6\/wp-content\/uploads\/2025\/05\/Servicos-manutencao-ar-condicionado2-1.webp\" class=\"attachment-full size-full wp-image-433\" alt=\"\" srcset=\"https:\/\/www.pontti.com.br\/layouts\/layout6\/wp-content\/uploads\/2025\/05\/Servicos-manutencao-ar-condicionado2-1.webp 1024w, https:\/\/www.pontti.com.br\/layouts\/layout6\/wp-content\/uploads\/2025\/05\/Servicos-manutencao-ar-condicionado2-1-300x180.webp 300w, https:\/\/www.pontti.com.br\/layouts\/layout6\/wp-content\/uploads\/2025\/05\/Servicos-manutencao-ar-condicionado2-1-768x461.webp 768w\" sizes=\"(max-width: 1024px) 100vw, 1024px\" \/>\t\t\t\t\t\t\t\t\t\t\t\t\t\t\t<\/div>\n\t\t\t\t<\/div>\n\t\t\t\t<\/div>\n\t\t\t\t<\/div>\n\t\t\t\t\t<\/div>\n\t\t\t\t<\/div>\n\t\t<div class=\"elementor-element elementor-element-6cdc31b e-flex e-con-boxed e-con e-parent\" data-id=\"6cdc31b\" data-element_type=\"container\" data-settings=\"{&quot;background_background&quot;:&quot;classic&quot;}\">\n\t\t\t\t\t<div class=\"e-con-inner\">\n\t\t\t\t<div class=\"elementor-element elementor-element-e15e652 elementor-widget elementor-widget-image-box\" data-id=\"e15e652\" data-element_type=\"widget\" data-widget_type=\"image-box.default\">\n\t\t\t\t<div class=\"elementor-widget-container\">\n\t\t\t\t\t<div class=\"elementor-image-box-wrapper\"><div class=\"elementor-image-box-content\"><h2 class=\"elementor-image-box-title\">Contribua Para o Bem<\/h2><p class=\"elementor-image-box-description\">Ajude-nos a fazer a diferen\u00e7a na vida de quem precisa. Sua contribui\u00e7\u00e3o \u00e9 essencial!<\/p><\/div><\/div>\t\t\t\t<\/div>\n\t\t\t\t<\/div>\n\t\t\t\t<div class=\"elementor-element elementor-element-1ba74b2 elementor-align-center elementor-widget elementor-widget-button\" data-id=\"1ba74b2\" data-element_type=\"widget\" data-widget_type=\"button.default\">\n\t\t\t\t<div class=\"elementor-widget-container\">\n\t\t\t\t\t\t\t\t\t<div class=\"elementor-button-wrapper\">\n\t\t\t\t\t<a class=\"elementor-button elementor-button-link elementor-size-sm\" href=\"#\">\n\t\t\t\t\t\t<span class=\"elementor-button-content-wrapper\">\n\t\t\t\t\t\t\t\t\t<span class=\"elementor-button-text\">Solicite um Or\u00e7amento<\/span>\n\t\t\t\t\t<\/span>\n\t\t\t\t\t<\/a>\n\t\t\t\t<\/div>\n\t\t\t\t\t\t\t\t<\/div>\n\t\t\t\t<\/div>\n\t\t\t\t\t<\/div>\n\t\t\t\t<\/div>\n\t\t\t\t<\/div>\n\t\t","protected":false},"excerpt":{"rendered":"","protected":false},"author":1,"featured_media":0,"parent":0,"menu_order":0,"comment_status":"closed","ping_status":"closed","template":"","meta":{"_surecart_dashboard_logo_width":"180px","_surecart_dashboard_show_logo":true,"_surecart_dashboard_navigation_orders":true,"_surecart_dashboard_navigation_invoices":true,"_surecart_dashboard_navigation_subscriptions":true,"_surecart_dashboard_navigation_downloads":true,"_surecart_dashboard_navigation_billing":true,"_surecart_dashboard_navigation_account":true,"site-sidebar-layout":"no-sidebar","site-content-layout":"","ast-site-content-layout":"full-width-container","site-content-style":"unboxed","site-sidebar-style":"unboxed","ast-global-header-display":"","ast-banner-title-visibility":"","ast-main-header-display":"","ast-hfb-above-header-display":"","ast-hfb-below-header-display":"","ast-hfb-mobile-header-display":"","site-post-title":"disabled","ast-breadcrumbs-content":"","ast-featured-img":"disabled","footer-sml-layout":"","theme-transparent-header-meta":"enabled","adv-header-id-meta":"","stick-header-meta":"","header-above-stick-meta":"","header-main-stick-meta":"","header-below-stick-meta":"","astra-migrate-meta-layouts":"default","ast-page-background-enabled":"default","ast-page-background-meta":{"desktop":{"background-color":"var(--ast-global-color-5)","background-image":"","background-repeat":"repeat","background-position":"center center","background-size":"auto","background-attachment":"scroll","background-type":"","background-media":"","overlay-type":"","overlay-color":"","overlay-opacity":"","overlay-gradient":""},"tablet":{"background-color":"","background-image":"","background-repeat":"repeat","background-position":"center center","background-size":"auto","background-attachment":"scroll","background-type":"","background-media":"","overlay-type":"","overlay-color":"","overlay-opacity":"","overlay-gradient":""},"mobile":{"background-color":"","background-image":"","background-repeat":"repeat","background-position":"center center","background-size":"auto","background-attachment":"scroll","background-type":"","background-media":"","overlay-type":"","overlay-color":"","overlay-opacity":"","overlay-gradient":""}},"ast-content-background-meta":{"desktop":{"background-color":"var(--ast-global-color-4)","background-image":"","background-repeat":"repeat","background-position":"center center","background-size":"auto","background-attachment":"scroll","background-type":"","background-media":"","overlay-type":"","overlay-color":"","overlay-opacity":"","overlay-gradient":""},"tablet":{"background-color":"var(--ast-global-color-4)","background-image":"","background-repeat":"repeat","background-position":"center center","background-size":"auto","background-attachment":"scroll","background-type":"","background-media":"","overlay-type":"","overlay-color":"","overlay-opacity":"","overlay-gradient":""},"mobile":{"background-color":"var(--ast-global-color-4)","background-image":"","background-repeat":"repeat","background-position":"center center","background-size":"auto","background-attachment":"scroll","background-type":"","background-media":"","overlay-type":"","overlay-color":"","overlay-opacity":"","overlay-gradient":""}},"footnotes":""},"class_list":["post-298","page","type-page","status-publish","hentry"],"_links":{"self":[{"href":"https:\/\/www.pontti.com.br\/layouts\/layout6\/wp-json\/wp\/v2\/pages\/298","targetHints":{"allow":["GET"]}}],"collection":[{"href":"https:\/\/www.pontti.com.br\/layouts\/layout6\/wp-json\/wp\/v2\/pages"}],"about":[{"href":"https:\/\/www.pontti.com.br\/layouts\/layout6\/wp-json\/wp\/v2\/types\/page"}],"author":[{"embeddable":true,"href":"https:\/\/www.pontti.com.br\/layouts\/layout6\/wp-json\/wp\/v2\/users\/1"}],"replies":[{"embeddable":true,"href":"https:\/\/www.pontti.com.br\/layouts\/layout6\/wp-json\/wp\/v2\/comments?post=298"}],"version-history":[{"count":1,"href":"https:\/\/www.pontti.com.br\/layouts\/layout6\/wp-json\/wp\/v2\/pages\/298\/revisions"}],"predecessor-version":[{"id":422,"href":"https:\/\/www.pontti.com.br\/layouts\/layout6\/wp-json\/wp\/v2\/pages\/298\/revisions\/422"}],"wp:attachment":[{"href":"https:\/\/www.pontti.com.br\/layouts\/layout6\/wp-json\/wp\/v2\/media?parent=298"}],"curies":[{"name":"wp","href":"https:\/\/api.w.org\/{rel}","templated":true}]}}